hat is -110010100011 (base 2) in base 11?
-2481
-301010 (base 4) to base 8
-6104
What is -23220 (base 4) in base 11?
-617
-a8c (base 16) to base 10
-2700
Convert -543 (base 8) to base 11.
-2a3
Convert -35460 (base 12) to base 2.
-10001011101001000
Convert 4b (base 12) to base 16.
3b
84a5 (base 11) to base 14
4155
1a6 (base 16) to base 4
12212
What is 125310 (base 7) in base 8?
55666
What is -40510 (base 6) in base 10?
-5370
What is 47e (base 15) in base 10?
1019
10001101101000 (base 2) to base 9
13381
What is -2011 (base 4) in base 13?
-a3
Convert -12543 (base 9) to base 4.
-2010033
What is -22020020 (base 3) in base 6?
-43440
6b74 (base 13) to base 12
8914
Convert -21130 (base 4) to base 15.
-2a4
Convert -10100101011 (base 2) to base 15.
-5d3
-30665 (base 9) to base 13
-9290
-3001 (base 6) to base 3
-220001
What is -11100001011110 (base 2) in base 7?
-60033
Convert 9c0 (base 16) to base 14.
ca4
Convert 1110100011 (base 2) to base 4.
32203
Convert 1222 (base 9) to base 11.
759
1b50 (base 14) to base 8
11552
What is -4950 (base 10) in base 9?
-6710
What is 31032 (base 4) in base 10?
846
Convert 647 (base 16) to base 6.
11235
What is -108 (base 13) in base 4?
-2301
Convert -140240 (base 5) to base 2.
-1011000111111
What is 22022 (base 4) in base 2?
1010001010
Convert a58 (base 16) to base 10.
2648
What is -10101010000 (base 2) in base 16?
-550
-10000001110 (base 2) to base 8
-2016
What is 7aa3 (base 15) in base 4?
12112230
Convert -2150 (base 11) to base 16.
-b16
Convert 106020 (base 7) to base 14.
6c47
-115454 (base 7) to base 9
-32018
Convert 300002 (base 4) to base 16.
c02
Convert -27303 (base 8) to base 7.
-46621
Convert -16031 (base 11) to base 8.
-54205
What is -11c8 (base 14) in base 2?
-110000101100
-718 (base 16) to base 15
-811
What is 176 (base 12) in base 6?
1030
What is 210220 (base 4) in base 13?
10b4
Convert 1703 (base 9) to base 13.
78c
-130d3 (base 14) to base 11
-32206
-1120 (base 13) to base 10
-2392
What is -2303000 (base 4) in base 11?
-8675
-11404 (base 5) to base 2
-1101010110
1179 (base 12) to base 8
3655
What is 101101000 (base 2) in base 7?
1023
-20131 (base 6) to base 11
-1a97
What is 11154 (base 6) in base 8?
3056
Convert -395a (base 14) to base 13.
-4781
What is 13770 (base 8) in base 10?
6136
Convert 11634 (base 9) to base 3.
101201011
What is 1c5 (base 13) in base 7?
651
Convert -320112 (base 5) to base 6.
-121201
-30bc (base 16) to base 8
-30274
What is -401300 (base 5) in base 10?
-12700
Convert -223430 (base 5) to base 7.
-32203
311 (base 12) to base 13
283
-1101 (base 7) to base 3
-112120
1000000011000010 (base 2) to base 16
80c2
214 (base 12) to base 15
154
-5226 (base 15) to base 3
-212211000
Convert 1025 (base 12) to base 6.
12045
-422 (base 11) to base 8
-774
Convert -32021 (base 4) to base 13.
-548
41b (base 12) to base 6
2435
What is -460 (base 8) in base 4?
-10300
Convert cd5e (base 15) to base 6.
533242
What is b0e (base 15) in base 16?
9b9
What is -5368 (base 11) in base 14?
-2828
-5174 (base 10) to base 5
-131144
-11322 (base 4) to base 10
-378
9b4 (base 12) to base 8
2630
What is 101222021 (base 3) in base 10?
7999
Convert 423414 (base 6) to base 5.
2100443
What is 103104 (base 5) in base 10?
3529
Convert -2442 (base 8) to base 4.
-110202
Convert 4240 (base 8) to base 5.
32313
Convert 30002 (base 5) to base 14.
981
What is 2be (base 15) in base 4?
21311
-3d2 (base 15) to base 16
-368
723 (base 16) to base 4
130203
Convert -10110001 (base 2) to base 11.
-151
Convert 3311 (base 8) to base 16.
6c9
111 (base 14) to base 3
21211
What is 2374 (base 13) in base 6?
35044
-1334 (base 9) to base 10
-1003
18029 (base 11) to base 2
110001011101000
-10a2 (base 12) to base 11
-1432
What is -223032 (base 4) in base 16?
-ace
23b6 (base 12) to base 3
12112010
What is -1003150 (base 6) in base 13?
-1873b
Convert 73d4 (base 15) to base 14.
8cdd
60c6 (base 14) to base 6
205010
Convert 1316 (base 14) to base 12.
1b34
What is -1000100111 (base 2) in base 13?
-335
Convert 771 (base 12) to base 10.
1093
Convert -1169d (base 14) to base 11.
-29a04
Convert -818a (base 11) to base 16.
-2a73
What is 1010100111000 (base 2) in base 14?
1da0
Convert -6162 (base 10) to base 4.
-1200102
Convert -1340 (base 8) to base 3.
-1000021
9778 (base 16) to base 12
1a534
Convert -110031 (base 4) to base 11.
-a76
Convert 117ec (base 16) to base 3.
10122022002
What is 1460 (base 8) in base 10?
816
Convert -3e4 (base 16) to base 3.
-1100220
152623 (base 7) to base 13
10750
Convert -110101010010 (base 2) to base 9.
-4608
What is 102101 (base 3) in base 12?
217
What is -451 (base 10) in base 2?
-111000011
1164 (base 7) to base 11
369
Convert -587 (base 14) to base 10.
-1099
Convert -114211 (base 8) to base 16.
-9889
242 (base 15) to base 2
1000000000
1001110110 (base 2) to base 7
1560
2f0 (base 16) to base 9
1025
Convert -817 (base 13) to base 16.
-55c
What is -1132022 (base 4) in base 10?
-6026
-313111 (base 4) to base 10
-3541
-14432 (base 5) to base 12
-876
What is 14141 (base 7) in base 8?
7413
Convert 608 (base 10) to base 8.
1140
Convert -30002 (base 5) to base 8.
-3525
1b850 (base 13) to base 11
37753
e7 (base 16) to base 11
1a0
Convert 2220011 (base 3) to base 15.
95a
What is -120000 (base 3) in base 14?
-20d
What is -a06 (base 16) in base 3?
-10112001
2243343 (base 5) to base 11
28454
What is -3671 (base 9) in base 14?
-dd7
-56727 (base 8) to base 14
-8a7d
-6b85 (base 12) to base 13
-5642
What is 1374 (base 12) in base 13?
103c
Convert 5083 (base 11) to base 2.
1101001011010
1222021221 (base 3) to base 2
1001011111000011
Convert -243666 (base 7) to base 4.
-22320231
What is -371 (base 10) in base 2?
-101110011
6083 (base 10) to base 14
2307
Convert -1110 (base 11) to base 2.
-10110110111
-40 (base 8) to base 9
-35
What is -3562 (base 12) in base 16?
-175a
113536 (base 8) to base 7
220655
What is -101100 (base 2) in base 16?
-2c
3 (base 7) to base 5
3
Convert 210130 (base 4) to base 11.
1830
-1513 (base 6) to base 8
-625
What is 33b (base 13) in base 4?
20231
100002 (base 3) to base 6
1045
What is -203 (base 5) in base 15?
-38
-120010 (base 4) to base 14
-7c0
Convert 131404 (base 5) to base 7.
21150
725a (base 16) to base 4
13021122
-20b (base 12) to base 16
-12b
What is -555 (base 8) in base 2?
-101101101
51 (base 6) to base 10
31
Convert 12ac (base 15) to base 9.
5420
66023 (base 7) to base 11
11423
What is 75030 (base 8) in base 10?
31256
What is 21558 (base 10) in base 14?
7bdc
What is -301 (base 14) in base 4?
-21031
What is 1057 (base 13) in base 6?
14301
Convert 1033223 (base 4) to base 9.
6885
-737 (base 10) to base 6
-3225
Convert 101122 (base 3) to base 7.
560
What is 52c7 (base 15) in base 12?
a174
Convert -3105 (base 6) to base 13.
-410
What is 346 (base 9) in base 6?
1153
What is 2208 (base 13) in base 6?
33540
Convert -55256 (base 7) to base 3.
-201000022
Convert -a55 (base 14) to base 5.
-31120
Convert 56b1 (base 13) to base 14.
45d5
What is 12011 (base 8) in base 3?
21000222
Convert -382 (base 15) to base 11.
-665
-47c (base 13) to base 9
-1055
What is -13 (base 14) in base 12?
-15
20204 (base 5) to base 2
10100011000
Convert -21621 (base 10) to base 2.
-101010001110101
Convert -4273 (base 14) to base 7.
-45303
What is 296 (base 10) in base 8?
450
Convert -3182 (base 10) to base 12.
-1a12
-10100010100011 (base 2) to base 3
-112021022
Convert -12210212 (base 3) to base 15.
-13c5
What is 534 (base 6) in base 2?
11001010
Convert 209 (base 11) to base 5.
2001
647 (base 16) to base 10
1607
10111111110110 (base 2) to base 15
3988
What is 101100 (base 2) in base 11?
40
-14419 (base 12) to base 15
-8580
Convert 926 (base 16) to base 6.
14502
What is 778 (base 11) in base 8?
1644
-1313302 (base 4) to base 14
-2b18
Convert 1000110101110001 (base 2) to base 16.
8d71
50520 (base 6) to base 7
25311
What is 304 (base 9) in base 10?
247
-1a22b (base 13) to base 14
-147a2
What is 5412 (base 8) in base 7?
11145
155 (base 10) to base 7
311
What is 3659 (base 12) in base 2?
1011111100101
-20230 (base 4) to base 8
-1054
22a18 (base 11) to base 2
1000000110010101
Convert 2a0 (base 15) to base 12.
420
What is 22222303 (base 4) in base 7?
241255
-259 (base 11) to base 10
-306
Convert -fd8f (base 16) to base 13.
-23712
What is -286 (base 14) i